se -4256 = -11*h + 55012. Suppose -3*n = 3*d - h, -4*d + 2312 + 4863 = n. Is d a prime number?
False
Suppose 227749 = 3*j - 24*c + 22*c, 0 = 5*j - c - 379570. Is j prime?
True
Let h(z) be the third derivative of z**5/30 + 5*z**4/8 + 5*z**3/3 + 6*z**2. Let u be h(-7). Suppose 1338 = 3*m + u*m. Is m prime?
True
Suppose -17216 = -0*p - p. Suppose -12 = -3*b + 5*g + 23, 0 = -4*g - 4. Suppose b*t - 5244 - p = 0. Is t a prime number?
False
Suppose -352 - 928 = 5*j. Let q(v) = 2*v**2 + 5*v - 61. Let t be q(-22). Let b = j + t. Is b a composite number?
False
Is (63534/30*-1)/((-6)/30) a prime number?
True
Let s = 3845 - 9999. Let a = 12701 + s. Is a a composite number?
False
Suppose -3*l + 36 = -9*l. Is ((-5038)/(-33))/(l/(-45)) a composite number?
True
Let w be ((-5)/(-15) - (-35)/3)/1. Let l be (-234592)/192 + (-2)/w. Let n = -173 - l. Is n a prime number?
True
Let q be (-21 - -17)*(-2)/(-8). Is (2 - 126370/(-12)) + q/(-6) a prime number?
False
Let z = 153 + -148. Suppose -s + 22032 = 2*s - z*g, 5*s - g = 36742. Is s composite?
False
Suppose -k + 2*o + 4 = -6, 2 = -k - 4*o. Suppose k*c - 351 - 357 = 0. Let y = c - 21. Is y a prime number?
True
Let c(o) = o + 18. Let g be c(-12). Suppose 3*q - v - 11 = 0, q - 1 = -3*v + g*v. Suppose 4*j = -3*y + 623, -4*y + 0 = -q. Is j prime?
False
Let r be (-10)/(-6)*12/(-4). Let k(j) = 60*j - 16. Let z be k(r). Let q = 927 + z. Is q composite?
True
Suppose 0 = -6*q + 843 + 3489. Let z = q - -282. Suppose 0 = -10*i + z + 14266. Is i a prime number?
False
Suppose -37 + 33 = -n. Suppose 4*b - 2*b = -4*k + 8, 0 = 3*b + k - 7. Suppose 0 = b*f - n*f + 284. Is f prime?
False
Let k(p) = -89 + 4*p - 3*p - 2726 + 5302 + 3*p**2 + 6628. Is k(0) a prime number?
False
Suppose -4*t - 22171 = -5*f + 18251, -3*t = 2*f - 16155. Suppose -5403 = -2*o + u, 3*o + 0*u - f = -3*u. Is o a prime number?
True
Suppose 3*s + 4*l = 652985 - 217060, 2*l - 581220 = -4*s. Is s prime?
True
Let u(w) = -w**3 - 4*w**2 - 6*w - 24. Let k be u(-4). Suppose 2*s + 3*z = 101648 + 25886, 3*s - 4*z - 191267 = k. Is s a composite number?
False
Suppose 4*q - 2*g - 34 = 0, -5*q = g - 3*g - 44. Let b(j) = 391*j**2 + 7*j - 33. Is b(q) a prime number?
False
Suppose -5*k + 120956 = 2*a, -3*a - 48*k = -53*k - 181509. Is a a composite number?
False
Let a(l) = 4*l**2 + 13*l - 8. Suppose 4 = -k - 2. Let i be 5/(3 + 16/k). Is a(i) composite?
False
Let p(u) = 41*u + 15. Suppose 2*o + 8 = -2*n - 0, 2*n + 8 = o. Suppose o*y = 5*y - 35. Is p(y) prime?
False
Let b(v) = -4602*v. Let z be b(-1). Let u = z - 2293. Suppose -3*i + 8*i - 2*w = u, 4*w = 3*i - 1377. Is i prime?
True
Suppose 2*y - 60 = -5*j, 3*j = 4*y + 5*j - 104. Suppose y*a = 21*a. Let m(g) = g**2 - g + 779. Is m(a) a prime number?
False
Suppose 0*x + 2*d + 4 = -x, 2*d = 10. Let y(q) be the third derivative of 7*q**5/60 + 5*q**4/6 - 5*q**3/3 + 11*q**2. Is y(x) a composite number?
True
Suppose 0 = 239*m - 83778855 - 35970422. Is m prime?
True
Suppose -2*s - 713 = -5*o - 137674, -4*o = -5*s + 342377. Is s composite?
False
Let b = 78 - 76. Suppose 4*d = 5*n - 865, 2*d - 329 = -b*n + 7*d. Suppose 54 + n = 3*v. Is v a composite number?
True
Let o(d) = -5*d**3 + 11*d**2 + 16*d + 10. Let r be o(-9). Suppose 0*t - 3*t = -4*m - 6605, -2*t + r = -4*m. Is t prime?
True
Let a be 1136 - 3/(-15)*0. Suppose -a - 2808 = -4*l. Suppose 2*k - 4945 = -5*h, h + k = -0*k + l. Is h a prime number?
True
Suppose -24*k + 39260038 = -7*k + 17*k. Is k prime?
True
Let w = -7 + 12. Suppose 53569 = 8*y - 14135. Suppose 0*v - 3*v = -6, v = w*r - y. Is r prime?
True
Suppose -10*d = -11*d + 42537. Let x = d - 29840. Is x a prime number?
True
Let i(j) = -54*j + 23 + 82 - 48*j + 142 + 132*j. Is i(28) composite?
False
Is ((-209634)/(-8))/((-6)/(-16)) composite?
True
Let u be (956/8)/(1/(-4)). Let x = 1267 + u. Let b = x - 304. Is b composite?
True
Suppose -5*y = 3*z - 35, 6*y + 3*z = 11*y - 5. Suppose -8567 = -y*l + 12053. Is l prime?
False
Let v(k) = -k - 10. Let t be v(-1). Is t/(108/7832)*9/(-6) a composite number?
True
Let z be (-1723)/(-2) + (-1)/2. Suppose -5*d = x + 3037, -2*d - 3*x - 569 = 638. Let f = d + z. Is f composite?
True
Let l be 13*1*(-45 + 4759). Suppose -3*t - s - 40848 = -5*t, 4*s = 3*t - l. Is t a prime number?
False
Suppose 232 = -4*v - 5*z, 6 = -3*v + 5*z - 203. Let h = 67 + v. Is h*158 - (2 - (-1 - 0)) a prime number?
False
Let u = -52 + 26. Let w = 671 - u. Is w prime?
False
Let b(s) = 7663*s**2 - 109*s - 118. Is b(-8) composite?
True
Let l(h) = 2*h**2 + 24*h - 17. Let k be l(-20). Let c = -176 + k. Suppose -c = 20*u - 21*u. Is u a prime number?
True
Let r(q) = 840*q + 16. Let k be r(-7). Let o = -9738 - k. Is (15/10)/((-3)/o) composite?
True
Let b be (-36)/378 + (-676)/(-42). Suppose -6*q + b*q - 55130 = 0. Is q prime?
False
Let q(p) be the first derivative of 140*p**3/3 - 5*p**2 + 9*p - 20. Is q(4) a composite number?
True
Suppose -30*c = -35*c + 10. Suppose 0 = -c*m + 8 - 14. Is (3 - (-2827)/(-3))/(2/m) a composite number?
False
Let a(g) = 4945*g**2 - 569*g - 47. Is a(-7) composite?
False
Let c = 1032536 - 601773. Is c prime?
False
Let y be (-2 + 1)/(1 + (-36)/35). Let w = y + -10. Suppose -20*b + w*b = 2915. Is b prime?
False
Let z = -591 - -594. Suppose -2*f = z*c - 20329 + 2544, -3*c = -3. Is f a prime number?
False
Let t(g) = -g**2 - 3*g + 14. Suppose -9*y + 36 + 9 = 0. Let s be t(y). Is 4/s - (-5 + 1798/(-26)) composite?
True
Suppose 0 = -29*k + 1052 + 6314. Is k a prime number?
False
Let m = -53 + 56. Suppose 0 = 3*u + 5*d - 27638, 3*d + 0*d = m. Is u a prime number?
False
Let c(k) = k - 3. Suppose 0 = 5*b - 2*f - 55, -4*f - 67 = -5*b - 2. Let a be c(b). Suppose 0 = a*s - 2397 - 717. Is s a composite number?
True
Suppose -60*q + 4*d = -56*q - 188700, -2*q - 3*d + 94370 = 0. Is q composite?
True
Let i(t) be the third derivative of t**5/60 + 4*t**2 - 3. Let f(q) = 2*q**2 + 3*q + 2823. Let d(s) = f(s) - 3*i(s). Is d(0) a prime number?
False
Let s(c) = -11*c**3 - 40*c**2 - 45*c - 97. Is s(-20) prime?
False
Suppose -c = m + 3139, -9413 = 3*c - 7*m + 11*m. Let r = 5260 + c. Is r a prime number?
False
Let w = 12138 + -6483. Suppose -8*v + w = -16561. Is v a composite number?
False
Suppose -q + 2 = -0*q. Let k(z) = 82*z**2 + z. Let v be k(q). Let j = -116 + v. Is j a composite number?
True
Let u(b) = -b**3 - 4*b**2 - 3. Let a be u(-3). Is 40/(-240) - 132686/a a composite number?
False
Is (646 - 294812)/(-3*1 + 1) a prime number?
True
Let y = -5000 + 42911. Is y a prime number?
False
Is ((-350)/(-3) + 1)*(-614 + 635) composite?
True
Let f = -11469 - -21035. Suppose -2*r + f = u, 4*r + 3*u + 814 - 19946 = 0. Is r a composite number?
False
Let w be 495/22 + (-2)/4. Suppose 0 = -14*k + w*k - 9816. Is k prime?
False
Suppose 15*o + 1332 = 33*o. Suppose o*j + 3977 = 75*j. Is j composite?
True
Let h be 6/(-12) - 8982/(-4). Let s = h - 986. Is s composite?
False
Is (-315)/735 + 48632/7 a composite number?
False
Let s = -69 - -64. Let b be (-4)/40*s + (-3)/(-2). Suppose 4*h - 4494 = -z, -2*h - 3*h + b*z + 5611 = 0. Is h composite?
False
Let f be (-18)/(-12)*(0 - 12). Is 2722 + 1 + 25/(225/f) composite?
True
Suppose 15*q = 72*q - 228. Suppose -q*d + 4*v + 60936 = 0, 2*d - 7*d + 76167 = -4*v. Is d prime?
False
Suppose 3*t + 3*j - 985198 = 56222, -t + 4*j = -347145. Is t prime?
True
Let m = 121 - 69. Suppose 2*t + 2*t + m = 3*b, -67 = -4*b + 3*t. Suppose b*z - 8662 = -1206. Is z prime?
False
Let o = 14 + -19. Let u(l) be the second derivative of -35*l**3/3 + 21*l**2/2 + 3*l - 3. Is u(o) composite?
True
Let z(c) be the third derivative of 0*c - 1/8*c**4 - 5/3*c**3 + 7/30*c**5 - 6*c**2 + 0. Is z(7) prime?
False
Let n(b) = -1567*b - 28. Let a(d) = -6269*d - 113. Let g(j) = 2*a(j) - 9*n(j). Is g(3) prime?
True
Let y = -892984 + 1384935. Is y a composite number?
False
Let y be -37660*((-8)/(-5))/(-2). Suppose 4 = -4*g, -5*b = -g - y - 7673. Suppose -9*i + b = -1341. Is i a composite number?
True
Let b be (2/(-4)*-2)/((-62)/(-168082)). Suppose 83 + b = z + 5*h, -13949 = -5*z - 4*h. Is z composite?
False
Suppose -4*a + 13 - 45 = 0. Let o be (1/(12/18))/((-3)/a). Is ((-6558)/o)/(2 + 15/(-6)) a composite number?
True
Suppose 153*c + 3*h - 1692935 = 148*c, 4*c - 1354348 = -5*h. Is c prime?
False
Suppose 5*r - 4*u = 140373, -3*r = 5*u - u - 84